3).
-124
Let r(u) = -3*u**3 + 6*u + 5. Give r(-2).
17
Let z(v) = 53*v**2 - 8*v - 4. What is z(-2)?
224
Let k(u) = -2*u**3 + 8*u**2 + u + 8. Give k(3).
29
Let i(g) = -4*g**3 + 26*g**2 - g + 96. What is i(7)?
-9
Let r(f) = -565*f + 1700. Give r(3).
5
Let k(p) = 2*p**3 + 23*p**2 - 9*p - 31. Determine k(-12).
-67
Let c(s) = s**3 + 14*s**2 + 36*s - 2. Calculate c(-9).
79
Let r(q) = -q**3 + 2*q**2 - 3*q - 105. Determine r(0).
-105
Let m(w) = -3119*w + 37433. Give m(12).
5
Let k(x) = x**2 + 42*x + 426. Give k(-16).
10
Let k(a) = a**3 + 16*a**2 + 6*a - 117. Calculate k(-15).
18
Let s(b) = 33*b + 15. What is s(6)?
213
Let p(q) = -33*q**2 - 57*q + 177. What is p(3)?
-291
Let n(w) = 51*w + 396. Calculate n(-6).
90
Let d(o) = -10*o**3 - 2*o**2 - o - 86. What is d(0)?
-86
Let j(w) = w**3 - 36*w**2 + 33*w + 61. Determine j(35).
-9
Let c(y) = -48*y - 681. Give c(-15).
39
Let j(l) = -860*l + 5152. Give j(6).
-8
Let y(p) = -53*p + 6. Calculate y(0).
6
Let s(g) = g**3 + g**2 - 77*g + 27. What is s(8)?
-13
Let n(p) = -13*p - 355. Calculate n(-19).
-108
Let j(l) = -2*l**3 - 23*l**2 - 7*l + 45. Determine j(-11).
1
Let j(q) = 2*q**3 - 25*q**2 + 74*q + 34. Calculate j(5).
29
Let n(t) = -t**2 - 108*t + 3584. Give n(-135).
-61
Let g(r) = r**2 - 13. What is g(5)?
12
Let m(p) = -89*p - 241. Calculate m(-2).
-63
Let n(q) = 78*q - 415. Calculate n(5).
-25
Let b(z) = z**3 + 16*z**2 - 47*z - 46. What is b(-13)?
1072
Let m(p) = 45*p - 865. Give m(20).
35
Let r(d) = d**2 - 169*d + 984. Calculate r(6).
6
Let q(b) = b**2 - 25*b + 101. Determine q(5).
1
Let s(b) = -2*b**3 - 134*b**2 - 383*b + 72. Determine s(-64).
8
Let l(a) = 9*a**3 - 8*a**2 - 45*a - 63. Calculate l(-2).
-77
Let l(r) = -365*r + 3170. Calculate l(7).
615
Let n(y) = -y**3 + 11*y**2 + 15*y + 161. Determine n(13).
18
Let x(o) = o**3 - 45*o**2 - 432*o + 340. What is x(53)?
-84
Let w(c) = -357*c**3 + 3*c**2 - 7*c - 6. Determine w(-1).
361
Let c(v) = v**2 + 528*v + 5176. Calculate c(-10).
-4
Let s(q) = 15*q + 1070. Give s(-70).
20
Let h(a) = -284*a**3 + a**2 - 3. Give h(1).
-286
Let d(h) = 45*h - 414. Calculate d(9).
-9
Let k(r) = 7*r**2 + 112*r + 289. Calculate k(-13).
16
Let q(u) = -5*u**2 - 4*u + 56. Calculate q(6).
-148
Let i(o) = 7*o**2 - 289*o + 48. Determine i(41).
-34
Let q(f) = -12*f**2 - 87*f + 85. Calculate q(1).
-14
Let h(a) = -a**3 + 45*a**2 + 49*a - 41. What is h(46)?
97
Let f(m) = 146*m - 1613. Calculate f(11).
-7
Let o(y) = -y**3 - 2*y**2 + 32*y - 25. Determine o(4).
7
Let r(h) = 2*h**3 - 10*h**2 + 50*h - 376. What is r(6)?
-4
Let v(n) = 3*n**3 + 30*n**2 + 6*n + 125. Determine v(-10).
65
Let z(o) = -40*o - 413. Calculate z(-7).
-133
Let i(h) = -2*h - 1. Determine i(-5).
9
Let r(o) = -2*o**3 - 11*o**2 - o + 23. Give r(-5).
3
Let k(p) = -p**3 + 63*p**2 + 337*p + 124. What is k(68)?
-80
Let i(n) = -2*n**3 + 3*n**2 - 19*n + 32. Calculate i(2).
-10
Let c(w) = -w**2 + 45*w + 189. Calculate c(-4).
-7
Let a(y) = 2*y**2 + 60*y + 461. Calculate a(-18).
29
Let v(r) = -9*r**2 + 114*r + 176. What is v(14)?
8
Let u(q) = q**3 - 12*q**2 - 14*q + 1. Calculate u(6).
-299
Let c(r) = -r**3 - 2*r**2 + 53*r + 38. Determine c(-8).
-2
Let k(r) = 7*r**3 + 35*r**2 + 6*r + 3. Give k(-5).
-27
Let z(v) = -v**3 - 3*v**2 + 48*v + 249. Give z(-6).
69
Let x(n) = 3*n**2 - 5276*n + 9. What is x(0)?
9
Let q(s) = 6*s**2 + 140*s + 634. Determine q(-17).
-12
Let s(r) = r**3 + 9*r**2 + 27*r + 563. What is s(-11)?
24
Let t(r) = -3*r**2 - 136*r - 146. What is t(-44)?
30
Let k(d) = 532*d + 11720. What is k(-22)?
16
Let i(h) = -3*h**3 - 27*h**2 + 5*h + 18. What is i(-9)?
-27
Let x(v) = -827*v + 4208. Give x(5).
73
Let m(h) = 837*h + 55243. Give m(-66).
1
Let x(a) = 3*a**3 + 316*a**2 + 108*a + 311. Give x(-105).
-4
Let s(v) = 3*v + 43. Calculate s(32).
139
Let x(n) = 3*n**3 + 6*n**2 - 10*n + 3. Determine x(2).
31
Let p(h) = -67*h - 147. Give p(-2).
-13
Let s(l) = -l**3 + 9*l**2 - 14*l + 19. What is s(9)?
-107
Let n(c) = -202*c + 7040. Give n(35).
-30
Let q(y) = 10*y**2 - 12*y + 54. Determine q(9).
756
Let b(l) = -2*l**3 + 81*l**2 - 261*l + 12424. What is b(41)?
42
Let v(i) = -4064*i + 73148. Give v(18).
-4
Let f(j) = 38*j**2 - 10*j + 2. Give f(1).
30
Let j(u) = -u**3 - 8*u**2 - 786*u - 5450. Determine j(-7).
3
Let a(f) = 4*f**2 - 607*f - 4406. Give a(-7).
39
Let z(p) = 102*p + 4943. What is z(-49)?
-55
Let n(f) = 14*f**3 + 2*f**2 + 9*f + 9. What is n(-2)?
-113
Let q(v) = 35*v**3 - 26*v**2 + 60*v - 8. Give q(2).
288
Let a(k) = -k**3 + 72*k**2 + 88*k - 736. Calculate a(73).
359
Let h(w) = 136*w - 4687. Give h(29).
-743
Let z(i) = 2*i**2 - 80*i - 79. Determine z(41).
3
Let a(f) = -12*f**3 - 2687*f**2 + 216*f - 1775. Determine a(-224).
17
Let r(z) = -192*z - 3077. What is r(-16)?
-5
Let t(q) = -q**3 + 9*q**2 + 14*q - 17. Determine t(7).
179
Let y(b) = 2*b**2 - 59*b + 191. Determine y(24).
-73
Let h(y) = -1099*y - 17573. Give h(-16).
11
Let h(k) = -3*k**3 + 50*k**2 - 33*k + 88. Determine h(16).
72
Let i(u) = 5*u**3 - 26*u**2 - 2*u + 58. What is i(5)?
23
Let k(j) = -4*j**2 + 6*j + 33. What is k(-4)?
-55
Let f(p) = -3*p**3 - 126*p**2 - 66*p - 2772. What is f(-42)?
0
Let y(h) = -90*h**2 + 437*h + 617. What is y(6)?
-1
Let r(l) = l**3 - 13*l**2 + 39*l - 253. Determine r(12).
71
Let n(w) = -w**2 + 243*w - 1417. Give n(6).
5
Let v(h) = -h**3 + 39*h**2 + 320*h + 5. Give v(-7).
19
Let q(t) = 3*t**3 + 204*t**2 + 1122*t + 32. Give q(-6).
-4
Let v(x) = -5*x**3 + 84*x**2 + 10*x + 38. Calculate v(17).
-81
Let g(n) = 42*n - 485. Calculate g(8).
-149
Let t(w) = 347*w + 58641. Calculate t(-169).
-2
Let w(i) = -63*i - 4914. Give w(-78).
0
Let b(u) = u**3 + 3*u**2 - 62*u - 240. Calculate b(-8).
-64
Let p(a) = -2*a**2 + 269*a - 4575. Give p(20).
5
Let c(h) = -h**2 - 26*h + 100. Calculate c(4).
-20
Let d(x) = -5*x - 51. What is d(15)?
-126
Let x(i) = i**3 + 33*i**2 + 161*i - 2. Give x(-6).
4
Let l(j) = -j**2 - 103*j - 470. Determine l(-5).
20
Let c(i) = i**3 + 9*i**2 - 94*i - 952. Give c(-10).
-112
Let f(h) = -684*h + 1364. Calculate f(2).
-4
Let s(f) = -75*f - 754. What is s(-10)?
-4
Let l(j) = -4*j**2 - 29*j. What is l(-7)?
7
Let v(y) = -y**2 - 56*y + 287. Give v(-61).
-18
Let u(p) = -36*p + 1131. Give u(33).
-57
Let a(h) = 5*h + 45. Calculate a(30).
195
Let f(d) = 28*d + 1371. Calculate f(-49).
-1
Let t(w) = -w**3 + 23*w**2 + 99*w - 552. Calculate t(26).
-6
Let m(f) = f**3 + 35*f**2 + 34*f - 6. What is m(-34)?
-6
Let s(p) = 255*p - 20140. What is s(79)?
5
Let y(z) = -249*z - 673. Give y(-2).
-175
Let p(y) = -y**3 - 65*y**2 - 121*y + 278. Calculate p(-63).
-37
Let i(w) = -2*w**3 + 24*w**2 + 37*w - 126. Calculate i(13).
17
Let y(n) = -2*n**3 + 59*n**2 - 377*n - 55. What is y(10)?
75
Let y(l) = 1356*l + 32521. Give y(-24).
-23
Let j(l) = -36*l**2 - 52*l - 103. Calculate j(-2).
-143
Let b(j) = 3*j**3 - 29*j**2 - 20*j - 73. What is b(11)?
191
Let d(q) = -2*q**2 - 250*q - 6708. Calculate d(-86).
0
Let t(c) = -95*c**2 + c + 6. Determine t(0).
6
Let d(g) = -g**3 + 16*g**2 - 52*g + 5. What is d(5)?
20
Let c(y) = -255*y - 7224. Determine c(-28).
-84
Let s(d) = -21*d**2 + 153*d - 16. What is s(7)?
26
Let w(m) = 6*m**2 + 34*m + 38. Calculate w(-1).
10
Let t(n) = -127*n - 231. Determine t(-2).
23
Let b(i) = -1034*i + 10320. Calculate b(10).
-20
Let t(h) = -h**3 + 60*h**2 - 375*h + 258. Calculate t(53).
46
Let j(m) = -m**3 + 18*m**2 + 26*m - 461. Give j(18).
7
Let j(u) = 17*u - 165. Give j(10).
5
Let v(c) = 4*c**2 + 204*c + 575. Determine v(-3).
-1
Let w(i) = -6*i**2 + 90*i + 833. Calculate w(-9).
-463
Let a(v) = -v**3 - 17*v**2 - 7*v + 154. Determine a(-16).
10
Let n(v) = -v**2 + 48*v + 4048. Calculate n(92).
0
Let c(i) = -14*i**2 - i - 14. Give c(-3).
-137
Let z(t) = 10*t**2 + 3*t + 10. What is z(2)?
56
Let u(d) = 5*d**2 - d + 3. What is u(2)?
21
Let d(z) = z**3 - 25*z**2 + 39*z + 160. Calculate d(23).
-1
Let m(h) = h**3 + 6*h**2 - 56*h - 10. What is m(-11)?
1
Let z(f) = 120*f + 30. Determine z(2).
270
Let u(k) = 426*k - 15286. Determine u(36).
50
Let i(j) = 369*j + 403. Calculate i(-1).
34
Let j(z) = 2*z**2 - 23*z - 31. Determine j(12).
-19
Let r(y) = -9*y**2 + 53*y - 49. What is r(9)?
-301
Let p(h) = h**3 - 4*h**2 + h - 5. Determine p(4).
-1
Let k(j) = 163*j - 8997. Determine k(55).
-32
Let l(n) = -6*n**2 + 188*n + 768. What is l(35)?
-2
Let v(y) = 122*y - 2444. Determine 